{"id":127,"date":"2025-12-26T12:22:20","date_gmt":"2025-12-26T12:22:20","guid":{"rendered":"https:\/\/shop.bcoach.app\/?post_type=product&#038;p=127"},"modified":"2025-12-26T12:28:44","modified_gmt":"2025-12-26T12:28:44","slug":"bono-pro-bcoach-club","status":"publish","type":"product","link":"https:\/\/shop.bcoach.app\/index.php\/producto\/bono-pro-bcoach-club\/","title":{"rendered":"Bono Pro bcoach Club"},"content":{"rendered":"<h3 data-start=\"1110\" data-end=\"1165\">Alinea categor\u00edas y construye una metodolog\u00eda com\u00fan<\/h3>\n<p data-start=\"1167\" data-end=\"1311\">El <strong data-start=\"1170\" data-end=\"1182\">Bono Pro<\/strong> est\u00e1 pensado para clubes con varias categor\u00edas que necesitan coordinar a su cuerpo t\u00e9cnico y garantizar coherencia metodol\u00f3gica.<\/p>\n<p data-start=\"1313\" data-end=\"1530\">Con <strong data-start=\"1317\" data-end=\"1332\">bcoach Club<\/strong> y <strong data-start=\"1335\" data-end=\"1358\">10 licencias Cloud Anuales<\/strong>, este bono permite que entrenadores y coordinadores trabajen sobre una misma base de tareas, compartan contenidos y mantengan una identidad de juego com\u00fan en todo el club.<\/p>\n<p data-start=\"1532\" data-end=\"1550\"><strong data-start=\"1532\" data-end=\"1550\">Perfecto para:<\/strong><\/p>\n<ul data-start=\"1551\" data-end=\"1665\">\n<li data-start=\"1551\" data-end=\"1590\">\n<p data-start=\"1553\" data-end=\"1590\">Clubes con f\u00fatbol base estructurado<\/p>\n<\/li>\n<li data-start=\"1591\" data-end=\"1619\">\n<p data-start=\"1593\" data-end=\"1619\">Coordinadores deportivos<\/p>\n<\/li>\n<li data-start=\"1620\" data-end=\"1665\">\n<p data-start=\"1622\" data-end=\"1665\">Staffs que trabajan de forma colaborativa<\/p>\n<\/li>\n<\/ul>\n<p data-start=\"1667\" data-end=\"1679\"><strong data-start=\"1667\" data-end=\"1679\">Incluye:<\/strong><\/p>\n<ul data-start=\"1680\" data-end=\"1849\">\n<li data-start=\"1680\" data-end=\"1698\">\n<p data-start=\"1682\" data-end=\"1698\">1\u00d7 bcoach Club<\/p>\n<\/li>\n<li data-start=\"1699\" data-end=\"1723\">\n<p data-start=\"1701\" data-end=\"1723\">10\u00d7 licencias bcoach<\/p>\n<\/li>\n<li data-start=\"1724\" data-end=\"1760\">\n<p data-start=\"1726\" data-end=\"1760\">Biblioteca compartida en la nube<\/p>\n<\/li>\n<li data-start=\"1761\" data-end=\"1806\">\n<p data-start=\"1763\" data-end=\"1806\">Unificaci\u00f3n metodol\u00f3gica entre categor\u00edas<\/p>\n<\/li>\n<li data-start=\"1807\" data-end=\"1849\">\n<p data-start=\"1809\" data-end=\"1849\">Gesti\u00f3n estructurada del staff t\u00e9cnico<\/p>\n<\/li>\n<\/ul>\n","protected":false},"excerpt":{"rendered":"<h2 data-start=\"294\" data-end=\"310\">\ud83d\udd35 Bono Pro<\/h2>\n<p data-start=\"311\" data-end=\"446\">bcoach Club con <strong data-start=\"327\" data-end=\"343\">10 licencias Cloud<\/strong> <strong>Anuales<\/strong> para clubes con varias categor\u00edas que buscan <strong data-start=\"389\" data-end=\"411\">alinear a su staff<\/strong> y construir una metodolog\u00eda com\u00fan.<\/p>\n","protected":false},"featured_media":121,"comment_status":"open","ping_status":"closed","template":"","meta":[],"product_brand":[],"product_cat":[19],"product_tag":[],"class_list":{"0":"post-127","1":"product","2":"type-product","3":"status-publish","4":"has-post-thumbnail","6":"product_cat-bonos-bcoach-club","8":"first","9":"instock","10":"sale","11":"virtual","12":"taxable","13":"purchasable","14":"product-type-simple"},"jetpack_sharing_enabled":true,"_links":{"self":[{"href":"https:\/\/shop.bcoach.app\/index.php\/wp-json\/wp\/v2\/product\/127","targetHints":{"allow":["GET"]}}],"collection":[{"href":"https:\/\/shop.bcoach.app\/index.php\/wp-json\/wp\/v2\/product"}],"about":[{"href":"https:\/\/shop.bcoach.app\/index.php\/wp-json\/wp\/v2\/types\/product"}],"replies":[{"embeddable":true,"href":"https:\/\/shop.bcoach.app\/index.php\/wp-json\/wp\/v2\/comments?post=127"}],"wp:featuredmedia":[{"embeddable":true,"href":"https:\/\/shop.bcoach.app\/index.php\/wp-json\/wp\/v2\/media\/121"}],"wp:attachment":[{"href":"https:\/\/shop.bcoach.app\/index.php\/wp-json\/wp\/v2\/media?parent=127"}],"wp:term":[{"taxonomy":"product_brand","embeddable":true,"href":"https:\/\/shop.bcoach.app\/index.php\/wp-json\/wp\/v2\/product_brand?post=127"},{"taxonomy":"product_cat","embeddable":true,"href":"https:\/\/shop.bcoach.app\/index.php\/wp-json\/wp\/v2\/product_cat?post=127"},{"taxonomy":"product_tag","embeddable":true,"href":"https:\/\/shop.bcoach.app\/index.php\/wp-json\/wp\/v2\/product_tag?post=127"}],"curies":[{"name":"wp","href":"https:\/\/api.w.org\/{rel}","templated":true}]}}